p + 72, -3*g = p - 18. Calculate the highest common factor of 144 and p.
18
Let i be 3 + 1 - (-6)/2. What is the highest common factor of 35 and i?
7
Suppose 0 = -2*m + 6 - 0. Let f = 6 - 4. Suppose 0*g - f*g + 54 = 0. What is the greatest common factor of m and g?
3
Let h(d) = -3*d**2 + d - 4. Let i(l) = -4*l**2 + 2*l - 5. Let m(o) = 5*h(o) - 4*i(o). Let b be m(5). Calculate the greatest common factor of b and 80.
10
Suppose 0*b = 4*p + 4*b + 76, -2*b = 5*p + 80. Let i be (36/p)/((-6)/28). Calculate the greatest common factor of 2 and i.
2
Suppose -5*j + 6 = -34. Let q be ((-1)/2)/((-1)/10). Suppose -q*n - 15 = 0, -u = 4*u + 4*n - 28. What is the greatest common divisor of u and j?
8
Let b(c) = 0 + c**2 + 4 - c + 7*c. Let h be b(-6). Let w be 89 + 3/(1 - h). Calculate the highest common divisor of w and 11.
11
Let g = -3 + 3. Let r be 0/(-3) - 11/(-1). Let q = g + r. What is the highest common factor of 1 and q?
1
Suppose -5*t - 2 = -22. Suppose -t*w = 5*d - 2*d - 52, 5*d - 79 = w. What is the greatest common divisor of d and 144?
16
Let g be 49/3 - (-12)/(-9). Let o be 2/(-4)*20/(-1). What is the greatest common factor of g and o?
5
Suppose 131 = 4*i - 9. Calculate the highest common divisor of 14 and i.
7
Suppose -5*d + 16 = -3*v, 2*v + 0 = -4. Let f be (-2)/1*d/(-4). Let m be 52 + (-1 - -1)*f. Calculate the greatest common divisor of 13 and m.
13
Let m = -2 + -1. Let d = 1 - m. Suppose -5*p = 4*r - r - 85, -d*r - p = -119. What is the highest common divisor of r and 6?
6
Let m(k) = -k**3 - 2*k**2 + 4*k + 11. Let h be m(-3). What is the highest common factor of h and 72?
8
Suppose 2*f = -5*j + 34, 2*j - 5*f = -1 + 3. Let b = j + -1. Suppose -16 - 84 = -b*m. What is the highest common divisor of m and 80?
20
Suppose 0 = 3*c - 3*j - 30, -3*c = -8*c + 3*j + 46. What is the highest common factor of 4 and c?
4
Let f = 8 - 7. Suppose 4*k = 2*a - 52, -2*a = -5*k + f - 53. What is the greatest common divisor of a and 104?
26
Suppose 2*l - 2*m - 8 = 0, -2*l + 3*l = 5*m - 12. Suppose 7*r - 5*r - 28 = 0. Let o be r/4 - (-9)/(-6). Calculate the greatest common factor of l and o.
2
Let a be (-12)/(-15)*210/4. Suppose -9*y + 5*y + 420 = 0. Calculate the greatest common factor of y and a.
21
Suppose 3*l - 2*p + 3*p = 16, p = l - 4. Suppose 0*m = l*m - 35. Let d(u) = -8*u + 8. Let n be d(-6). What is the highest common factor of n and m?
7
Suppose 0 = j + 5*h - 2*h - 39, -5*h - 10 = 0. What is the highest common factor of 5 and j?
5
Let y = -8 + 20. Let g(w) = w**2 - 11*w + 12 + 0 + 0*w**2. Let u be g(11). Calculate the highest common factor of u and y.
12
Let s = 21 - 6. Calculate the highest common factor of s and 30.
15
Let h(b) = 2*b**3 - 3*b**2 - b. Let j be h(3). What is the greatest common divisor of 24 and j?
24
Let y(x) = -7*x. Let r(i) = i - 1. Let u(c) = -6*r(c) + y(c). Let b be u(-10). Calculate the greatest common factor of 17 and b.
17
Let i(r) = 14*r**3. Let s be i(1). Suppose 2*v - 4*a = -2*a + s, 0 = -2*v + 3*a + 16. What is the highest common factor of 5 and v?
5
Let r = 26 - 0. Suppose -24 = -g + 41. Calculate the greatest common factor of g and r.
13
Let p(l) = -l**3 - 9*l**2 + 10*l + 3. Let m be p(-10). Let j(i) = 3*i - 4. Let a be j(m). What is the highest common factor of 45 and a?
5
Let x = 24 - 12. Suppose 3*g + x - 72 = 0. Let q(i) = 2*i**2 + 3*i - 5. Let h be q(-5). Calculate the greatest common factor of g and h.
10
Suppose -3*z + 32 = -z. What is the greatest common divisor of 64 and z?
16
Let h(q) = q**3 - q**2 + 2. Let t be h(3). What is the greatest common factor of 4 and t?
4
Let w = 29 - -48. What is the highest common factor of 11 and w?
11
Let o(m) = 4*m - 8. Let r be o(12). Let q be (3/6)/((-4)/(-40)). Calculate the highest common factor of r and q.
5
Suppose -101 = -5*p + 109. Let f(o) = o**2 + o + 1. Let s be f(-5). What is the highest common divisor of s and p?
21
Suppose k + 6 = -3*f - 3, 0 = f + 4*k - 8. Let q be 52/3 - f/(-12). Let x be 2247/12 - 1/4. Calculate the highest common divisor of x and q.
17
Let y(f) = 2*f - 7. Let x be y(5). Let v be (-1 - 2) + x*1. Suppose 283 = -v*p + 2*p - 5*d, -p + 159 = d. Calculate the greatest common divisor of 14 and p.
14
Suppose -679 = -5*b - 49. Suppose 1 = -z - 3*a, 4*z - 2*a - 38 = 2*z. Calculate the highest common factor of z and b.
14
Let z be (-8)/(-36) + (-25)/(-9). Suppose 5*m = z*m - 36. Let y be 4/m - (-580)/18. What is the highest common factor of y and 8?
8
Let h(v) = 82*v**3 - 2*v**2 + 2*v - 1. Let l be h(1). What is the highest common factor of 9 and l?
9
Let x(g) = 2*g**2 + 5*g - 8. Let v(y) = 5*y**2 + 10*y - 17. Let z(h) = 3*v(h) - 7*x(h). Let k be z(5). Calculate the greatest common divisor of k and 20.
5
Suppose 4*o + 12 = -0*u + 2*u, -4*u = 2*o - 44. Let j be 7 - (-6)/15*-5. What is the highest common divisor of j and u?
5
Let n(s) = -s**3 - 13*s**2 + 15*s + 17. Let z be n(-14). What is the highest common factor of z and 2?
1
Suppose -2*m + 5*g = 12 - 42, 0 = 2*m - g - 22. Suppose n + 0 = m. Suppose 428 = 4*t + 68. Calculate the greatest common factor of n and t.
10
Let n(l) be the second derivative of -2*l**3/3 + 2*l. Let g be n(-2). Calculate the greatest common divisor of 40 and g.
8
Suppose -4*d + 68 = -s + 5*s, -15 = -3*d. Calculate the highest common factor of s and 12.
12
Suppose -2*p = -4*d + 292, 5*p - 5 = -d + 90. Calculate the highest common factor of d and 5.
5
Let s = -16 + 27. Let r(l) be the second derivative of l**4/12 + 5*l**3/6 - 3*l**2 - l. Let p be r(5). Calculate the highest common divisor of p and s.
11
Let b(p) = 2*p**2 - p + 3. Let f be b(-3). Let n = f - 13. What is the highest common factor of n and 22?
11
Suppose c - 3 = -0. Suppose -m = -5*v + 52, 0 = c*v - 5*m + 3 - 21. Let w be 3*(2 - 3) - -14. What is the greatest common factor of w and v?
11
Let o(q) = -3*q - 36. Let k be o(-19). What is the highest common divisor of 7 and k?
7
Let f = 33 + -19. Calculate the greatest common divisor of 42 and f.
14
Let y be (6/(-8))/(6/(-24)). Calculate the highest common divisor of 2 and y.
1
Let d = -30 - -46. Calculate the highest common factor of 48 and d.
16
Let o = -22 + 29. Calculate the highest common divisor of 56 and o.
7
Suppose 2*n + n - v = 105, 0 = 3*n + 2*v - 105. Suppose -3*d + 16 = 1. Calculate the greatest common divisor of n and d.
5
Suppose 0 = 6*b + 60 - 276. Let c(q) = -2*q - 15. Let f be c(-12). What is the highest common divisor of b and f?
9
Suppose 3*k - 476 = -14*k. What is the greatest common factor of 84 and k?
28
Suppose -2*v + 7*v - 59 = 2*c, -v + c = -10. Let s = v + 35. Let z(w) = w**2 + 7. Let o be z(5). Calculate the greatest common factor of s and o.
16
Let k = 139 + -76. Suppose 0 = -u + 4*u - k. Suppose 0 = -2*c + 1 + 5. What is the greatest common divisor of c and u?
3
Let x = 18 - 2. Let m = x + -8. Suppose m = -0*q + 2*q. What is the highest common factor of q and 28?
4
Suppose -2*f - 2 = -22. Calculate the highest common factor of 80 and f.
10
Let v be (-4 + 10/(-25))*-5. Calculate the greatest common divisor of 55 and v.
11
Suppose -3*x - 4*y + 215 = 0, -81 = -x + 3*y - 2*y. What is the highest common divisor of x and 11?
11
Suppose 4*a - 10 = -a. Suppose j + a*j = -2*w + 39, 1 = -j + 4*w. What is the highest common factor of j and 77?
11
Suppose -5*n + 0*z = -3*z - 48, 13 = 2*n + 5*z. What is the highest common divisor of n and 9?
9
Suppose 5*j + 145 = 5*h, 5*j = 4*h - 0*j - 113. What is the greatest common factor of 16 and h?
16
Let t be (-256)/(-6) + 2/(-3). Let q be (-4)/(-3)*231/22. What is the highest common divisor of q and t?
14
Suppose 3*l + 5*s = 390, -28 = -l + 2*s + 113. Let f = 198 - 293. Let y = l + f. What is the greatest common divisor of 8 and y?
8
Suppose -5*f - 2 = 13. Let r = 6 + f. What is the greatest common factor of 9 and r?
3
Let i(a) be the second derivative of 5*a**3/3 - a**2/2 - 3*a. Let n be i(1). What is the highest common divisor of n and 99?
9
Let y be (-2*1 + 3)*3. Let a(h) = -h - 3 + 3*h + y*h + h. Let g be a(6). Calculate the greatest common factor of g and 3.
3
Suppose -122 = -5*q - 17. What is the highest common divisor of q and 7?
7
Let y be (0 + 15*(0 + 1))/1. What is the greatest common factor of 6 and y?
3
Let w be (-896)/(-7)*2/2. What is the highest com